n base 3, what is 2220122001 - -1?
2220122002
In base 13, what is -24c + -942?
-b91
In base 8, what is -12 + -2000461?
-2000473
In base 12, what is 2 - -327773?
327775
In base 12, what is 2311 - 13b?
2192
In base 12, what is 0 - -4199?
4199
In base 6, what is -31010532 - -5?
-31010523
In base 12, what is 5 + 2771a?
27723
In base 14, what is 7a95 + -35?
7a60
In base 8, what is -71223 - 30?
-71253
In base 16, what is a - 5fcc2?
-5fcb8
In base 10, what is -87 - 18524?
-18611
In base 4, what is 1331223 - -3?
1331232
In base 9, what is -446 + -13?
-460
In base 14, what is -8475 - -4?
-8471
In base 3, what is -1002200112 + 1000?
-1002122112
In base 10, what is 1245 + -22?
1223
In base 7, what is 1633332 - -2?
1633334
In base 5, what is 2222423 - -1?
2222424
In base 14, what is -5b9 + 178?
-441
In base 13, what is 378c8 - -6?
37901
In base 7, what is 3 + -121411?
-121405
In base 7, what is 23051 - -63?
23144
In base 2, what is -10100100101 + -10010110?
-10110111011
In base 2, what is 101110101110001 + -1?
101110101110000
In base 3, what is -2 - -1122?
1120
In base 13, what is 17 - -29?
43
In base 9, what is 8 + 37465?
37474
In base 12, what is -398119 + -2?
-39811b
In base 7, what is 62612 - -3?
62615
In base 10, what is 1 - -16550?
16551
In base 13, what is 1 + -ab8?
-ab7
In base 13, what is 1423 - -41?
1464
In base 16, what is ed17 + -6?
ed11
In base 13, what is 15 + -351?
-339
In base 13, what is 98219 - 2?
98217
In base 6, what is 1415 + 2233?
4052
In base 8, what is -2 + -20363?
-20365
In base 13, what is 2 + 89226?
89228
In base 13, what is 238169 + 3?
23816c
In base 8, what is 12674 + -1?
12673
In base 15, what is -10 + 16eb?
16db
In base 11, what is -607 + 641?
35
In base 6, what is 10 - -105512?
105522
In base 5, what is -442044 - -3?
-442041
In base 8, what is 1221 + 323?
1544
In base 7, what is 11455440 + 4?
11455444
In base 10, what is -543713 + 2?
-543711
In base 13, what is 523 + -303?
220
In base 12, what is b06 - -12?
b18
In base 6, what is -10521053 - 3?
-10521100
In base 10, what is -171 - 2112?
-2283
In base 3, what is 1 + 100122?
100200
In base 10, what is -1509 - 0?
-1509
In base 3, what is 2111201 + 1111?
2120012
In base 11, what is 32833 - -5?
32838
In base 6, what is 5 - 532325?
-532320
In base 11, what is 2591 - -736?
3217
In base 5, what is -14114041 + -20?
-14114111
In base 10, what is -790 - 1?
-791
In base 13, what is 5 + -bb32?
-bb2a
In base 2, what is -1001101001001111111 - -101?
-1001101001001111010
In base 7, what is -3 - 43521?
-43524
In base 2, what is -1011110 - 11100110?
-101000100
In base 13, what is 7765 - 4?
7761
In base 2, what is -100110001111010 - -10?
-100110001111000
In base 16, what is 375 - 1f?
356
In base 11, what is 4 + 362368?
362371
In base 16, what is f0d9 + -a?
f0cf
In base 3, what is -1001002 - -22?
-1000210
In base 8, what is 777 + -1007?
-10
In base 14, what is -4 - 27055b?
-270561
In base 2, what is -1100000100 + 1000111011?
-11001001
In base 14, what is -123c3 - -2?
-123c1
In base 6, what is -11153313 + 25?
-11153244
In base 13, what is 323786 + 0?
323786
In base 13, what is 1 - 3a92?
-3a91
In base 12, what is -163 + -214?
-377
In base 7, what is -341 - 21542?
-22213
In base 4, what is -1220 - -1122112?
1120232
In base 7, what is -3 + 564623?
564620
In base 16, what is -71 + 67f?
60e
In base 8, what is -4 - 22345?
-22351
In base 11, what is 1a - -6a334?
6a353
In base 4, what is 322132 - 1030?
321102
In base 9, what is 48 - 48024?
-47865
In base 7, what is 146 + -1243?
-1064
In base 12, what is 1 + -438b1?
-438b0
In base 10, what is 21790 - -104?
21894
In base 12, what is 31a + -29?
2b1
In base 7, what is 10 - 1221?
-1211
In base 9, what is -16 + -136310?
-136326
In base 15, what is -1331 + -c?
-133d
In base 8, what is -1451611 - -4?
-1451605
In base 4, what is -1220301 - -2?
-1220233
In base 3, what is -2 - -2222001?
2221222
In base 6, what is -25 + 23533?
23504
In base 11, what is -2249 - 120?
-2369
In base 9, what is -58 - 41342?
-41411
In base 10, what is 4 + -281181?
-281177
In base 13, what is 3 + -161c9?
-161c6
In base 7, what is -100125 - -12?
-100113
In base 13, what is -152 - 558?
-6aa
In base 14, what is -ac + -276?
-344
In base 16, what is 32354 + 5?
32359
In base 10, what is -2 + -49378?
-49380
In base 5, what is 43034 - 1024?
42010
In base 16, what is 1733a + -d?
1732d
In base 11, what is -357 - 837?
-1093
In base 12, what is 24 - 8b36?
-8b12
In base 8, what is 11455 + 15?
11472
In base 16, what is -6 + -1422c?
-14232
In base 14, what is -2 - 1a9c?
-1aa0
In base 7, what is -4201 - 50?
-4251
In base 9, what is -1055 + -35?
-1101
In base 12, what is 48656a + -1?
486569
In base 9, what is -281 - -16?
-264
In base 7, what is 555604 + -3?
555601
In base 8, what is 30 - 64270?
-64240
In base 12, what is -77280 + 10?
-77270
In base 16, what is -3740 - 0?
-3740
In base 2, what is -100 + -110001011001110?
-110001011010010
In base 2, what is -10110010010 + 10101?
-10101111101
In base 13, what is -11 - -732?
721
In base 2, what is -101010010101010 - 1011?
-101010010110101
In base 4, what is -10 - 30113?
-30123
In base 16, what is 647c + -1f?
645d
In base 13, what is 4 - 163b51?
-163b4a
In base 9, what is -1 + 43162?
43161
In base 3, what is -1212101 + -101112?
-2020220
In base 15, what is -b4b + d?
-b3d
In base 6, what is -340 + -100224?
-101004
In base 16, what is -4 + 565?
561
In base 14, what is 3cac + 1?
3cad
In base 14, what is -9 - -1324?
1319
In base 15, what is 2 - 7d6ce?
-7d6cc
In base 3, what is 120022210 - 101?
120022102
In base 2, what is -1110010111 - 10110111111?
-100101010110
In base 13, what is 5 - 1596a7?
-1596a2
In base 2, what is -100 + 111100100000110?
111100100000010
In base 8, what is -631304 + -3?
-631307
In base 3, what is 1102110 - -100211?
1210021
In base 2, what is -10011011111 - 10111000101?
-101010100100
In base 8, what is -1 - -21711?
21710
In base 5, what is 410 + -20014?
-14104
In base 13, what is 5349 + 0?
5349
In base 8, what is 1425 + 401?
2026
In base 3, what is 221002211 - 2222?
220222212
In base 10, what is 18400 - 2?
18398
In base 6, what is -5 + -30202021?
-30202030
In base 11, what is -4a27 - 4?
-4a30
In base 4, what is -20 - -1232003?
1231323
In base 5, what is 10 - 20221?
-20211
In base 15, what is 99013 - 2?
99011
In base 9, what is 6758 + 20?
6778
In base 8, what is -1 + -131237?
-131240
In base 2, what is 10010 - -1100111011?
1101001101
In base 11, what is -2140001 + -3?
-2140004
In base 5, what is 12423 + 3313?
21241
In base 10, what is 5 + -61805?
-61800
In base 8, what is 1020434 - 2?
1020432
In base 14, what is 57 - -bbc?
c35
In base 2, what is -1010011001000 - -10001?
-1010010110111
In base 3, what is -101202 + 2012002?
1210100
In base 7, what is -44 + 625?
551
In base 11, what is 0 + -19026?
-19026
In base 3, what is 111021 - -10110012?
10221110
In base 5, what is 12222441 - -2?
12222443
In base 5, what is -301 - -3011?
2210
In base 8, what is 46 + -356?
-310
In base 12, what is 6951 - 0?
6951
In base 16, what is 2 - 436b?
-4369
In base 16, what is 13b + d2e?
e69
In base 16, what is 0 - 8f92?
-8f92
In base 5, what is -10 + 4014340?
4014330
In base 11, what is 62 + -2314?
-2262
In base 4, what is -100221312 - -11?
-100221301
In base 10, what is 24367 + 5?
24372
In base 2, what is 10 - 1101001?
-1100111
In base 16, what is 4084 - 1?
4083
In base 13, what is 48 - -325?
370
In base 2, what is 10011 + -1000101001011000?
-1000101001000101
In base 15, what is -8b + -a7?
-143
In base 10, what is 397 + 62?
459
In base 15, what is 5779 - 1c?
575c
In base 6, what is -3 - 12553?
-13000
In base 3, what is 22120021 - -2?
22120100
In base 15, what is b8 - -6d4?
79c
In base 5, what is 3 + 12210131?
12210134
In base 8, what is -5265 - 10?
-5275
In base 6, what is -54034 - -5020?
-45014
In base 10, what is -284658 - -5?
-284653
In base 5, what is 20241 + 2431?
23222
In base 9, what is 5 - -6048?
6054
In base 5, what is -3021 - 20311?
-23332
In base 3, what is 101 - 10021?
-2220
In base 12, what is 146 - 113?
33
In base 10, what is -134055 - 0?
-134055
In base 14, what is 332 - -12b?
45d
In base 14, what is -9c + 25?
-77
In base 8, what is 100 + -12625?
-12525
In base 11, what is -5358 - -3?
-5355
In base 4, what is -12030 - -101333?
23303
In base 3, wha